{"id":308,"date":"2019-09-10T08:38:17","date_gmt":"2019-09-10T06:38:17","guid":{"rendered":"http:\/\/www.kg-wirges.de\/new\/?page_id=308"},"modified":"2020-01-06T06:56:47","modified_gmt":"2020-01-06T05:56:47","slug":"der-verein","status":"publish","type":"page","link":"http:\/\/kg-wirges.de\/new\/?page_id=308","title":{"rendered":"Der Verein"},"content":{"rendered":"<p>[et_pb_section fb_built=&#8221;1&#8243; _builder_version=&#8221;3.27.4&#8243; fb_built=&#8221;1&#8243; _i=&#8221;0&#8243; _address=&#8221;0&#8243;][et_pb_row _builder_version=&#8221;3.27.4&#8243; _i=&#8221;0&#8243; _address=&#8221;0.0&#8243;][et_pb_column type=&#8221;4_4&#8243; _builder_version=&#8221;3.27.4&#8243; _i=&#8221;0&#8243; _address=&#8221;0.0.0&#8243;][et_pb_text _builder_version=&#8221;3.27.4&#8243; ul_text_align=&#8221;center&#8221; _i=&#8221;0&#8243; _address=&#8221;0.0.0.0&#8243;]<\/p>\n<h2 style=\"text-align: center;\">THIS IS WHO WE ARE<\/h2>\n<p><\/p>\n<p style=\"text-align: center;\">Der Verein Kirmesgesellschaft Wirges e.V. wurde am 13. September 2019 von sieben engagierten Mitgliedern der damaligen Ehemaligengruppierungen der Kirmes-Allstars im Wirgeser Reginlindenpark gegr\u00fcndet und hat seinen Sitz in der Stadt Wirges. Er ist seit dem 28.11.2019 im Vereinsregister des Amtsgerichtes Montabaur eingetragen und darf seither offiziell den Namenszusatz \u201ee.V.\u201c f\u00fchren. Die Kirmesgesellschaft Wirges e.V. verfolgt ausschlie\u00dflich gemeinn\u00fctzige Zwecke und bezweckt diesbez\u00fcglich unmittelbar die F\u00f6rderung von Kunst und Kultur, die F\u00f6rderung der Heimatpflege und Heimatkunde, die F\u00f6rderung des traditionellen Brauchtums sowie die F\u00f6rderung des b\u00fcrgerschaftlichen Engagements zu Gunsten gemeinn\u00fctziger und kirchlicher Zwecke. Ziel des Vereines ist insbesondere die Mitgestaltung der Wirgeser Kirmes, die traditionell am Wochenende des ersten Septembersonntages stattfindet, sowie die Unterst\u00fctzung und Beratung der jeweils amtierenden <a href=\"http:\/\/www.kg-wirges.de\/?page_id=81\">Kirmesjugend<\/a> und ihrer <a href=\"http:\/\/www.kg-wirges.de\/?page_id=88\">Nachl\u00e4uferschar<\/a>. Des Weiteren widmet sich der Verein der geschichtlichen Aufarbeitung und der daraus hervorgehenden Erstellung einer fortzuf\u00fchrenden Chronik \u00fcber die kirchliche Tradition des Kirchweihfestes im Heimatort Wirges.<\/p>\n<p>[\/et_pb_text][\/et_pb_column][\/et_pb_row][et_pb_row _builder_version=&#8221;3.27.4&#8243; custom_margin=&#8221;-21px|auto||auto||&#8221; _i=&#8221;1&#8243; _address=&#8221;0.1&#8243;][et_pb_column type=&#8221;4_4&#8243; _builder_version=&#8221;3.27.4&#8243; _i=&#8221;0&#8243; _address=&#8221;0.1.0&#8243;][et_pb_image src=&#8221;http:\/\/www.kg-wirges.de\/new\/wp-content\/uploads\/2020\/01\/Verein-1024&#215;683.jpg&#8221; _builder_version=&#8221;3.27.4&#8243; hover_enabled=&#8221;0&#8243; align=&#8221;center&#8221;][\/et_pb_image][\/et_pb_column][\/et_pb_row][\/et_pb_section]<\/p>\n","protected":false},"excerpt":{"rendered":"<p>THIS IS WHO WE ARE Der Verein Kirmesgesellschaft Wirges e.V. wurde am 13. September 2019 von sieben engagierten Mitgliedern der damaligen Ehemaligengruppierungen der Kirmes-Allstars im Wirgeser Reginlindenpark gegr\u00fcndet und hat [&hellip;]<\/p>\n","protected":false},"author":1,"featured_media":0,"parent":71,"menu_order":0,"comment_status":"closed","ping_status":"closed","template":"","meta":{"_et_pb_use_builder":"on","_et_pb_old_content":"","_et_gb_content_width":""},"_links":{"self":[{"href":"http:\/\/kg-wirges.de\/new\/index.php?rest_route=\/wp\/v2\/pages\/308"}],"collection":[{"href":"http:\/\/kg-wirges.de\/new\/index.php?rest_route=\/wp\/v2\/pages"}],"about":[{"href":"http:\/\/kg-wirges.de\/new\/index.php?rest_route=\/wp\/v2\/types\/page"}],"author":[{"embeddable":true,"href":"http:\/\/kg-wirges.de\/new\/index.php?rest_route=\/wp\/v2\/users\/1"}],"replies":[{"embeddable":true,"href":"http:\/\/kg-wirges.de\/new\/index.php?rest_route=%2Fwp%2Fv2%2Fcomments&post=308"}],"version-history":[{"count":0,"href":"http:\/\/kg-wirges.de\/new\/index.php?rest_route=\/wp\/v2\/pages\/308\/revisions"}],"up":[{"embeddable":true,"href":"http:\/\/kg-wirges.de\/new\/index.php?rest_route=\/wp\/v2\/pages\/71"}],"wp:attachment":[{"href":"http:\/\/kg-wirges.de\/new\/index.php?rest_route=%2Fwp%2Fv2%2Fmedia&parent=308"}],"curies":[{"name":"wp","href":"https:\/\/api.w.org\/{rel}","templated":true}]}}