{"id":88,"date":"2018-07-04T16:59:48","date_gmt":"2018-07-04T14:59:48","guid":{"rendered":"http:\/\/www.kg-wirges.de\/new\/?page_id=88"},"modified":"2021-03-30T08:20:37","modified_gmt":"2021-03-30T06:20:37","slug":"nachlaeufer","status":"publish","type":"page","link":"http:\/\/kg-wirges.de\/new\/?page_id=88","title":{"rendered":"Nachl\u00e4ufer"},"content":{"rendered":"<p>[et_pb_section fb_built=&#8221;1&#8243; _builder_version=&#8221;3.27.4&#8243;][et_pb_row _builder_version=&#8221;3.27.4&#8243;][et_pb_column type=&#8221;4_4&#8243; _builder_version=&#8221;3.27.4&#8243;][et_pb_text _builder_version=&#8221;3.27.4&#8243; text_orientation=&#8221;center&#8221;]<\/p>\n<h2 style=\"text-align: center;\">DIE NACHL\u00c4UFER 2020 DER STADT WIRGES<\/h2>\n<p style=\"text-align: center;\">Dieses Foto zeigt die amtierende Nachl\u00e4uferschar unserer Heimatstadt. Mitglied der Nachl\u00e4ufer der Kirmesjugend Wirges k\u00f6nnen alle Wirgeser Jugendlichen werden, die zum Stichtag des 1. Septembers des Kirmesjahres das 16. Lebensjahr vollendet haben. Eine Mitgliedschaft bei der Nachl\u00e4uferschar ist \u00fcber zwei Jahre hinweg m\u00f6glich, aber nicht erforderlich. Regelungen zum Beitritt zur Kirmesjugend unter <strong><a href=\"http:\/\/www.kg-wirges.de\/?page_id=81\">Die Kirmesjugend<\/a><\/strong>. Anfragen zum Beitritt zur Nachl\u00e4uferschar leiten wir gerne weiter. Zudem besteht die M\u00f6glichkeit einer direkten Kontaktaufnahme zum aktuellen Vorstand der Nachl\u00e4uferschar.<\/p>\n<p>[\/et_pb_text][et_pb_image src=&#8221;http:\/\/www.kg-wirges.de\/new\/wp-content\/uploads\/2020\/01\/nachl\u00e4ufer2020.jpg&#8221; align=&#8221;center&#8221; _builder_version=&#8221;4.0.11&#8243;][\/et_pb_image][\/et_pb_column][\/et_pb_row][et_pb_row column_structure=&#8221;1_6,1_6,1_6,1_6,1_6,1_6&#8243; _builder_version=&#8221;4.5.7&#8243; hover_enabled=&#8221;0&#8243;][et_pb_column type=&#8221;1_6&#8243; _builder_version=&#8221;3.27.4&#8243;][et_pb_team_member name=&#8221;Anna Schlotter&#8221; position=&#8221;1. Vorsitzende&#8221; image_url=&#8221;http:\/\/www.kg-wirges.de\/new\/wp-content\/uploads\/2021\/03\/anna.jpg&#8221; module_class=&#8221;b3_team&#8221; _builder_version=&#8221;4.5.7&#8243; header_level=&#8221;h5&#8243; header_text_align=&#8221;center&#8221; body_font=&#8221;||||||||&#8221; body_text_align=&#8221;left&#8221; position_font=&#8221;|600|||||||&#8221; position_text_align=&#8221;center&#8221; position_font_size=&#8221;15px&#8221; text_orientation=&#8221;left&#8221; custom_margin=&#8221;|-20px|||false|false&#8221; hover_enabled=&#8221;0&#8243; title_text=&#8221;anna&#8221;][\/et_pb_team_member][\/et_pb_column][et_pb_column type=&#8221;1_6&#8243; _builder_version=&#8221;3.27.4&#8243;][et_pb_team_member name=&#8221;Lara Benner&#8221; position=&#8221;2. Vorsitzende&#8221; image_url=&#8221;http:\/\/www.kg-wirges.de\/new\/wp-content\/uploads\/2021\/03\/lara.jpg&#8221; module_class=&#8221;b3_team&#8221; _builder_version=&#8221;4.5.7&#8243; header_level=&#8221;h5&#8243; header_text_align=&#8221;center&#8221; position_font=&#8221;|600|||||||&#8221; position_text_align=&#8221;center&#8221; position_font_size=&#8221;15px&#8221; custom_margin=&#8221;|-20px|||false|false&#8221; hover_enabled=&#8221;0&#8243; title_text=&#8221;lara&#8221;][\/et_pb_team_member][\/et_pb_column][et_pb_column type=&#8221;1_6&#8243; _builder_version=&#8221;3.27.4&#8243;][et_pb_team_member name=&#8221;Felix Jung&#8221; position=&#8221;1. Kassierer&#8221; image_url=&#8221;http:\/\/www.kg-wirges.de\/new\/wp-content\/uploads\/2021\/03\/felix.jpg&#8221; module_class=&#8221;b3_team&#8221; _builder_version=&#8221;4.5.7&#8243; header_level=&#8221;h5&#8243; header_text_align=&#8221;center&#8221; position_font=&#8221;|600|||||||&#8221; position_text_align=&#8221;center&#8221; position_font_size=&#8221;15px&#8221; custom_margin=&#8221;|-20px|||false|false&#8221; hover_enabled=&#8221;0&#8243; title_text=&#8221;felix&#8221;][\/et_pb_team_member][\/et_pb_column][et_pb_column type=&#8221;1_6&#8243; _builder_version=&#8221;3.27.4&#8243;][et_pb_team_member name=&#8221;Larissa Roos&#8221; position=&#8221;2. Kassiererin&#8221; image_url=&#8221;http:\/\/www.kg-wirges.de\/new\/wp-content\/uploads\/2021\/03\/larissa.jpg&#8221; module_class=&#8221;b3_team&#8221; _builder_version=&#8221;4.5.7&#8243; header_level=&#8221;h5&#8243; header_text_align=&#8221;center&#8221; position_font=&#8221;|600|||||||&#8221; position_text_align=&#8221;center&#8221; position_font_size=&#8221;15px&#8221; custom_margin=&#8221;|-20px|||false|false&#8221; hover_enabled=&#8221;0&#8243; title_text=&#8221;larissa&#8221;][\/et_pb_team_member][\/et_pb_column][et_pb_column type=&#8221;1_6&#8243; _builder_version=&#8221;3.27.4&#8243;][et_pb_team_member name=&#8221;Leah Degreck &#8221; position=&#8221;1. Schriftf\u00fchrerin&#8221; image_url=&#8221;http:\/\/www.kg-wirges.de\/new\/wp-content\/uploads\/2021\/03\/leah.jpg&#8221; module_class=&#8221;b3_team&#8221; _builder_version=&#8221;4.5.7&#8243; header_level=&#8221;h5&#8243; header_text_align=&#8221;center&#8221; position_font=&#8221;|600|||||||&#8221; position_text_align=&#8221;center&#8221; position_font_size=&#8221;15px&#8221; custom_margin=&#8221;|-20px|||false|false&#8221; hover_enabled=&#8221;0&#8243; title_text=&#8221;leah&#8221;][\/et_pb_team_member][\/et_pb_column][et_pb_column type=&#8221;1_6&#8243; _builder_version=&#8221;3.27.4&#8243;][et_pb_team_member name=&#8221;Joel Griesar&#8221; position=&#8221;2. Schriftf\u00fchrer&#8221; image_url=&#8221;http:\/\/www.kg-wirges.de\/new\/wp-content\/uploads\/2021\/03\/joel.jpg&#8221; module_class=&#8221;b3_team&#8221; _builder_version=&#8221;4.5.7&#8243; header_level=&#8221;h5&#8243; header_text_align=&#8221;center&#8221; position_font=&#8221;|600|||||||&#8221; position_text_align=&#8221;center&#8221; position_font_size=&#8221;15px&#8221; custom_margin=&#8221;|-20px|||false|false&#8221; hover_enabled=&#8221;0&#8243; title_text=&#8221;joel&#8221;][\/et_pb_team_member][\/et_pb_column][\/et_pb_row][\/et_pb_section]<\/p>\n","protected":false},"excerpt":{"rendered":"<p>DIE NACHL\u00c4UFER 2020 DER STADT WIRGES Dieses Foto zeigt die amtierende Nachl\u00e4uferschar unserer Heimatstadt. Mitglied der Nachl\u00e4ufer der Kirmesjugend Wirges k\u00f6nnen alle Wirgeser Jugendlichen werden, die zum Stichtag des 1. [&hellip;]<\/p>\n","protected":false},"author":1,"featured_media":0,"parent":71,"menu_order":1,"comment_status":"closed","ping_status":"closed","template":"","meta":{"_et_pb_use_builder":"on","_et_pb_old_content":"","_et_gb_content_width":""},"_links":{"self":[{"href":"http:\/\/kg-wirges.de\/new\/index.php?rest_route=\/wp\/v2\/pages\/88"}],"collection":[{"href":"http:\/\/kg-wirges.de\/new\/index.php?rest_route=\/wp\/v2\/pages"}],"about":[{"href":"http:\/\/kg-wirges.de\/new\/index.php?rest_route=\/wp\/v2\/types\/page"}],"author":[{"embeddable":true,"href":"http:\/\/kg-wirges.de\/new\/index.php?rest_route=\/wp\/v2\/users\/1"}],"replies":[{"embeddable":true,"href":"http:\/\/kg-wirges.de\/new\/index.php?rest_route=%2Fwp%2Fv2%2Fcomments&post=88"}],"version-history":[{"count":0,"href":"http:\/\/kg-wirges.de\/new\/index.php?rest_route=\/wp\/v2\/pages\/88\/revisions"}],"up":[{"embeddable":true,"href":"http:\/\/kg-wirges.de\/new\/index.php?rest_route=\/wp\/v2\/pages\/71"}],"wp:attachment":[{"href":"http:\/\/kg-wirges.de\/new\/index.php?rest_route=%2Fwp%2Fv2%2Fmedia&parent=88"}],"curies":[{"name":"wp","href":"https:\/\/api.w.org\/{rel}","templated":true}]}}